ainder when f(-34) is divided by 18.
9
Let t(o) = -o**2 + 37*o - 155. What is the remainder when 87 is divided by t(31)?
25
Let m(r) = 0*r - r - 15 + 17. Let a be m(3). What is the remainder when 21 is divided by 2 + (-9)/(a + 0)?
10
Let f(h) be the third derivative of -4*h**4/3 + h**3/6 + 3*h**2. Suppose p + 0*m + 4*m = 3, 4*p = -2*m - 2. What is the remainder when f(p) is divided by 9?
6
Let c = -1063 - -1930. Calculate the remainder when c is divided by 15.
12
Let p = 393 + -212. Calculate the remainder when p is divided by 33.
16
Let b = 57 + -41. Let a(n) = n**3 - 14*n**2 - 30*n + 23. Calculate the remainder when a(b) is divided by 16.
7
Suppose 2240 = 15*q + q. Suppose j = 0, 2*w = 6*w - j - q. What is the remainder when 69 is divided by w?
34
Let x(q) = 24*q**2 + 2*q - 2. Let u be (-6)/1 - (-160)/32. Let o(m) = 4*m**2 + 5*m + 4. What is the remainder when o(-5) is divided by x(u)?
19
Let b = 1368 + -1287. What is the remainder when b is divided by 6?
3
Let l = 43 - 41. What is the remainder when 22 is divided by l?
0
Let m = 815 + -805. What is the remainder when 99 is divided by m?
9
Suppose 2*c = 4*c - 12. Suppose 111 = 3*m + c. Suppose 0 = -14*b + 492 - 366. What is the remainder when m is divided by b?
8
Let v be (-9 - 74)*(0 - -1). Let l = v - -134. What is the remainder when l - 2*(-4 - -3) is divided by 9?
8
Let l be 14/(-3)*(-30)/7. Let a be (-2)/(-6 + -2)*l. Suppose -w = -a*z + 99, -3*z + z = 5*w - 18. Calculate the remainder when z is divided by 4.
3
What is the remainder when (10 - 8)*141 - (-5)/(-1) is divided by 56?
53
Suppose -159 + 495 = 24*m. Let w(g) = -28*g. Let v be w(-4). Let f = v - 72. Calculate the remainder when f is divided by m.
12
Suppose 0*f - 5*f = -10. Let b be 2/(-2 + 4*12/21). Suppose h - t = b, 1 = -h - h - t. Calculate the remainder when f is divided by h.
0
Suppose -5*q + 99 = 39. Let g = -5 + q. Suppose 2*c = 6*c - 4*x - 116, 2*x - 72 = -3*c. Calculate the remainder when c is divided by g.
5
Let r(z) = -z - 6. Let y be r(0). Let p = y - -18. Calculate the remainder when 21 is divided by p + 2*(-1)/2.
10
Let x(a) = -a**3 - 9*a**2 + 9*a. Let p = -45 + 35. Let s be x(p). Suppose 5*v + 2*b = s, 4*b - 2*b + 2 = -2*v. What is the remainder when 7 is divided by v?
3
Let r(p) = -p**2 + 8*p - 2. Suppose -2*h = q + 4, -q + 4*h + 21 = h. What is the remainder when 28 is divided by r(q)?
8
Let p = -497 + 592. Let d = -57 - -89. What is the remainder when p is divided by d?
31
Let b = 1 - -18. Let h(r) = r**3 + 5*r**2 + 6*r. Let y be h(-5). Let u = -20 - y. What is the remainder when b is divided by u?
9
Let k be 2/(-8) + 165/20. Let h be (-15)/8 - k/64. Calculate the remainder when 33 is divided by (-8 + (-2)/h)*-1.
5
Let l(v) = 4*v - 10. Let i be l(15). Let j be i - 3/(3/(-2)). Suppose -4*f = t - j, -4*t - t = 5*f - 80. What is the remainder when 35 is divided by f?
11
Suppose -15*j - 172 = -18*j - x, -3*j = -3*x - 156. Let q = -19 + 31. Calculate the remainder when j is divided by q.
8
Let g(s) = 32*s**2 + 22*s - 95. What is the remainder when g(9) is divided by 38?
35
Suppose -3*j - a + 55 = j, 3*j - a = 36. Suppose j + 1 = 2*v. Calculate the remainder when 3/(-5) + (-136)/(-10) is divided by v.
6
Suppose -p - 4*o = -23, -4*p = 5*o - 93 + 1. Calculate the remainder when 108 is divided by p.
16
Suppose -y = 3*h - 11, 4*y + 22 = 2*h + y. Suppose -3*t - 4*c + 40 = -t, 0 = 4*t - h*c - 15. Calculate the remainder when 17 is divided by t.
7
Let k = 1 + 12. Let o be (-9)/(18/8) + -116. What is the remainder when k/((-52)/o) + -3 is divided by 7?
6
Suppose -2*y = 2 - 114. Suppose -3*t - t = -y. Calculate the remainder when 26 is divided by t.
12
What is the remainder when (-2)/(38/285 + 2728/(-20010)) is divided by 56?
51
Let i = 32 + -13. Calculate the remainder when i is divided by ((-2)/(-4))/((-1 + -2)/(-72)).
7
What is the remainder when ((3 - 0) + -9 - 0) + 117 is divided by 24?
15
Suppose -7666 - 11768 = -82*p. Calculate the remainder when p is divided by 48.
45
Suppose -72*u - 84 = -78*u. Calculate the remainder when 57 is divided by u.
1
Let q = 5 - 1. Suppose -r + 116 = -t + 5*t, -16 = q*r. Suppose 3*f = 2*f + t. Calculate the remainder when f is divided by 8.
6
Suppose -5*m + 4*l = -79, 0 = 2*m + l - 8 - 21. What is the remainder when 41 is divided by m?
11
Suppose -5 = -4*y + 3*u - 1, -u - 10 = 3*y. What is the remainder when 10 is divided by (y - 5*2/5)/(-1)?
2
Let o(p) = p**3 + 18*p**2 + 19*p - 9. Let m be o(-17). Let l = m - -87. What is the remainder when 129 is divided by l?
41
Suppose 0 = 26*i - 4 - 438. What is the remainder when 57 is divided by i?
6
Let s(y) = 21*y**2 + 14*y - 12. Calculate the remainder when 67 is divided by s(1).
21
Suppose -3*c + 83 = -4*z + 261, 4*c + z + 250 = 0. Let s = 74 + c. What is the remainder when 44 is divided by s?
8
Suppose -3*l - 52 = -214. Suppose -r = -0*w + 5*w + 45, 2*r - 3*w + 38 = 0. Let j = l + r. What is the remainder when j is divided by 16?
13
Let g(c) = -c**2 + 14*c - 5. Calculate the remainder when 92 is divided by g(12).
16
Let l(i) = 24*i - 3. Suppose 0 = 7*a + 8 - 29. Suppose 5 = -a*k + 4*k + 2*u, 3*k + 4*u = 11. What is the remainder when l(k) is divided by 8?
5
Let u(s) = -3*s - 14. Suppose -3*c + 115 = 2*c + 5*a, 4*a = -3*c + 69. Let x = c - 31. What is the remainder when 38 is divided by u(x)?
8
Let i = -70 - -94. Suppose 4 = 4*j, -3*w + 4*j - 3*j + 14 = 0. What is the remainder when i is divided by w?
4
Suppose -u = -5*k - 48, 0*u + u - k = 64. Let h = -25 + u. What is the remainder when h is divided by (-2)/7 + (-107)/(-7)?
13
Let i be (0 - 2/8)/((-1)/284). Let n = i + -61. Calculate the remainder when 36 is divided by n.
6
Suppose -3*o = 2*k - 101, 4*o - 134 + 26 = 4*k. Let n = 129 - o. What is the remainder when n is divided by 34?
30
Let b(i) = 14*i - 19. Let n be b(-6). Calculate the remainder when 37 is divided by n/(-5) - (-33)/(-55).
17
Suppose -3*f + 0*f + 97 = 2*u, f = -3*u + 23. Let z be 84/(-98)*(1 - 50). Let g = -33 + z. What is the remainder when f is divided by g?
8
What is the remainder when 53 is divided by (-2)/(-18) + 13/((-585)/(-490))?
9
Suppose 0 = -4*b + 5*x + 253, 2*x - 32 = -b - 3*x. Calculate the remainder when 282 is divided by b.
54
Suppose 3*f + 409 = 10*q - 6*q, 0 = q + 5*f - 85. Calculate the remainder when q is divided by 47.
6
Let h = 0 - -13. What is the remainder when 101 is divided by h?
10
Let c(t) = -t**2 + 17*t - 8. Let b(k) = -2*k**2 + 16*k - 7. Let l(h) = -2*b(h) + 3*c(h). Calculate the remainder when l(-20) is divided by 10.
0
Calculate the remainder when (-279)/62 + (-1473)/(-6) is divided by 33.
10
Suppose -22*p - 4 = -24*p. Suppose 9 = 2*j + 5*v, 7*j - 11 = 2*j - v. Calculate the remainder when (3/p)/((-1)/(-6)) is divided by j.
1
Let c = 63 + -31. What is the remainder when 247 is divided by c?
23
Let k = -1933 - -1951. Let q(v) = 8*v**2 + v + 1. Calculate the remainder when q(-3) is divided by k.
16
Suppose 4*h - 5*c = -10, 0 = c + 2*c - 6. Suppose h = 4*r - 0*r - p - 366, 2*p + 459 = 5*r. What is the remainder when r is divided by 31?
29
Calculate the remainder when 15 is divided by ((-6)/9)/(16/(-168)).
1
Let c = 180 + -150. What is the remainder when c is divided by 14?
2
Let u(j) = -9*j + 124. What is the remainder when u(12) is divided by 10?
6
Suppose -1306 = -9*a + 3*a + 5*j, a - 208 = -4*j. Calculate the remainder when a is divided by 11.
7
Suppose 3*i + 5*k - 37 = 0, 2*k - 18 = -2*i - 0*k. Let y = i - -74. Calculate the remainder when y is divided by 5.
3
Let f be 245/14 - (-2)/(-4). Calculate the remainder when 17 is divided by (f + -19)*4/(-2).
1
Suppose 2*c + 2*f = 526, 2*c + 4*f - 446 = 82. What is the remainder when c is divided by 11?
9
Suppose 3*z - 4*c + 6 = 0, z = 4*z - 3*c + 3. Suppose 4*m + m = l - 33, 3*l = -z*m + 133. What is the remainder when l is divided by 8?
3
Let a(i) = -i**2. Let x(r) = 2*r**3 - 2*r**2 + 6*r - 5. Let f(v) = 5*a(v) + x(v). Calculate the remainder when 101 is divided by f(4).
31
Suppose -10*g + 952 = 7*g. Calculate the remainder when g is divided by 15.
11
Suppose -3*a + 2*m - 4*m + 2 = 0, -3*a = m - 4. What is the remainder when 30 is divided by a?
0
Let s = -19 + 20. What is the remainder when (52 - -2)*(s + 3/(-6)) is divided by 10?
7
Let h(i) = 2